{"id":175,"date":"2014-11-15T18:02:24","date_gmt":"2014-11-15T17:02:24","guid":{"rendered":"http:\/\/rombacka.com\/?page_id=175"},"modified":"2023-03-27T11:05:10","modified_gmt":"2023-03-27T09:05:10","slug":"rombacka-12-och-16","status":"publish","type":"page","link":"https:\/\/rombacka.com\/?page_id=175","title":{"rendered":"Rombacka 1:2 och 1:6"},"content":{"rendered":"<p style=\"text-align: left;\"><strong>Historik kring\u00a0Rombacka 1:2 och 1:6<br \/>Dubbelklicka p\u00e5 bilderna f\u00f6r att f\u00e5 en b\u00e4ttre uppl\u00f6sning<\/strong><\/p>\n<p style=\"text-align: left;\"><a href=\"http:\/\/rombacka.com\/wp-content\/uploads\/2014\/11\/Rombacka-F\u00f6r-Historisk.jpg\"><img loading=\"lazy\" decoding=\"async\" class=\"alignnone  wp-image-195\" src=\"http:\/\/rombacka.com\/wp-content\/uploads\/2014\/11\/Rombacka-F\u00f6r-Historisk-300x197.jpg\" alt=\"Rombacka F\u00f6r Historisk\" width=\"499\" height=\"328\" srcset=\"https:\/\/rombacka.com\/wp-content\/uploads\/2014\/11\/Rombacka-F\u00f6r-Historisk-300x197.jpg 300w, https:\/\/rombacka.com\/wp-content\/uploads\/2014\/11\/Rombacka-F\u00f6r-Historisk-1024x674.jpg 1024w, https:\/\/rombacka.com\/wp-content\/uploads\/2014\/11\/Rombacka-F\u00f6r-Historisk-624x411.jpg 624w, https:\/\/rombacka.com\/wp-content\/uploads\/2014\/11\/Rombacka-F\u00f6r-Historisk.jpg 1343w\" sizes=\"auto, (max-width: 499px) 100vw, 499px\" \/><\/a> <a href=\"http:\/\/rombacka.com\/wp-content\/uploads\/2014\/11\/Renskrift2.jpg\"><img loading=\"lazy\" decoding=\"async\" class=\"alignnone  wp-image-192\" src=\"http:\/\/rombacka.com\/wp-content\/uploads\/2014\/11\/Renskrift1-184x300.jpg\" alt=\"Renskrift1\" width=\"491\" height=\"800\" srcset=\"https:\/\/rombacka.com\/wp-content\/uploads\/2014\/11\/Renskrift1-184x300.jpg 184w, https:\/\/rombacka.com\/wp-content\/uploads\/2014\/11\/Renskrift1.jpg 562w\" sizes=\"auto, (max-width: 491px) 100vw, 491px\" \/><img loading=\"lazy\" decoding=\"async\" class=\"alignnone  wp-image-193\" src=\"http:\/\/rombacka.com\/wp-content\/uploads\/2014\/11\/Renskrift2-183x300.jpg\" alt=\"Renskrift2\" width=\"492\" height=\"807\" \/><\/a>\u00a0\u00a0<a href=\"http:\/\/rombacka.com\/wp-content\/uploads\/2014\/11\/Renskrift1.jpg\"><img loading=\"lazy\" decoding=\"async\" class=\"alignnone  wp-image-194\" src=\"http:\/\/rombacka.com\/wp-content\/uploads\/2014\/11\/Renskrift3-183x300.jpg\" alt=\"Renskrift3\" width=\"489\" height=\"802\" \/><br \/>R<\/a>enskrift av laga skifte<\/p>\n<div id=\"attachment_179\" style=\"width: 491px\" class=\"wp-caption alignnone\"><a href=\"http:\/\/rombacka.com\/wp-content\/uploads\/2014\/11\/Historisk-karta.jpg\"><img loading=\"lazy\" decoding=\"async\" aria-describedby=\"caption-attachment-179\" class=\"wp-image-179\" src=\"http:\/\/rombacka.com\/wp-content\/uploads\/2014\/11\/Historisk-karta-201x300.jpg\" alt=\"Historisk karta\" width=\"481\" height=\"719\" \/><\/a><p id=\"caption-attachment-179\" class=\"wp-caption-text\">Karta uppr\u00e4ttad 1880 inf\u00f6r laga skifte<\/p><\/div>\n<p>\u00a0<\/p>\n<div id=\"attachment_180\" style=\"width: 491px\" class=\"wp-caption alignnone\"><a href=\"http:\/\/rombacka.com\/wp-content\/uploads\/2014\/11\/Gr\u00e4ns1.png\"><img loading=\"lazy\" decoding=\"async\" aria-describedby=\"caption-attachment-180\" class=\"wp-image-180\" src=\"http:\/\/rombacka.com\/wp-content\/uploads\/2014\/11\/Gr\u00e4ns1-300x300.png\" alt=\"Gr\u00e4ns1\" width=\"481\" height=\"481\" srcset=\"https:\/\/rombacka.com\/wp-content\/uploads\/2014\/11\/Gr\u00e4ns1-300x300.png 300w, https:\/\/rombacka.com\/wp-content\/uploads\/2014\/11\/Gr\u00e4ns1-150x150.png 150w, https:\/\/rombacka.com\/wp-content\/uploads\/2014\/11\/Gr\u00e4ns1.png 450w\" sizes=\"auto, (max-width: 481px) 100vw, 481px\" \/><\/a><p id=\"caption-attachment-180\" class=\"wp-caption-text\">Mord\u00e4rn ej r\u00e4ttslig karta<\/p><\/div>\n<p>\u00a0<\/p>\n<div id=\"attachment_181\" style=\"width: 926px\" class=\"wp-caption alignnone\"><a href=\"http:\/\/rombacka.com\/wp-content\/uploads\/2014\/11\/Gr\u00e4ns2.jpg\"><img loading=\"lazy\" decoding=\"async\" aria-describedby=\"caption-attachment-181\" class=\"wp-image-181\" src=\"http:\/\/rombacka.com\/wp-content\/uploads\/2014\/11\/Gr\u00e4ns2-300x225.jpg\" alt=\"Gr\u00e4ns2\" width=\"916\" height=\"687\" srcset=\"https:\/\/rombacka.com\/wp-content\/uploads\/2014\/11\/Gr\u00e4ns2-300x225.jpg 300w, https:\/\/rombacka.com\/wp-content\/uploads\/2014\/11\/Gr\u00e4ns2-1024x768.jpg 1024w, https:\/\/rombacka.com\/wp-content\/uploads\/2014\/11\/Gr\u00e4ns2-624x467.jpg 624w\" sizes=\"auto, (max-width: 916px) 100vw, 916px\" \/><\/a><p id=\"caption-attachment-181\" class=\"wp-caption-text\">Detalj av laga skiftes orginal karta<\/p><\/div>\n<p>\u00a0<\/p>\n<div id=\"attachment_185\" style=\"width: 492px\" class=\"wp-caption alignnone\"><a href=\"http:\/\/rombacka.com\/wp-content\/uploads\/2014\/11\/Kop-Handling-sig-1.jpg\"><img loading=\"lazy\" decoding=\"async\" aria-describedby=\"caption-attachment-185\" class=\"wp-image-185\" src=\"http:\/\/rombacka.com\/wp-content\/uploads\/2014\/11\/Kop-Handling-sig-1-225x300.jpg\" alt=\"Kop Handling sig 1\" width=\"482\" height=\"643\" srcset=\"https:\/\/rombacka.com\/wp-content\/uploads\/2014\/11\/Kop-Handling-sig-1-225x300.jpg 225w, https:\/\/rombacka.com\/wp-content\/uploads\/2014\/11\/Kop-Handling-sig-1-768x1024.jpg 768w, https:\/\/rombacka.com\/wp-content\/uploads\/2014\/11\/Kop-Handling-sig-1-624x832.jpg 624w\" sizes=\"auto, (max-width: 482px) 100vw, 482px\" \/><\/a><p id=\"caption-attachment-185\" class=\"wp-caption-text\"><img loading=\"lazy\" decoding=\"async\" class=\"alignnone  wp-image-183\" src=\"http:\/\/rombacka.com\/wp-content\/uploads\/2014\/11\/Kop-Handling-sid-2-225x300.jpg\" alt=\"Kop Handling sid 2\" width=\"482\" height=\"643\" srcset=\"https:\/\/rombacka.com\/wp-content\/uploads\/2014\/11\/Kop-Handling-sid-2-225x300.jpg 225w, https:\/\/rombacka.com\/wp-content\/uploads\/2014\/11\/Kop-Handling-sid-2-768x1024.jpg 768w, https:\/\/rombacka.com\/wp-content\/uploads\/2014\/11\/Kop-Handling-sid-2-624x832.jpg 624w\" sizes=\"auto, (max-width: 482px) 100vw, 482px\" \/><img loading=\"lazy\" decoding=\"async\" class=\"alignnone  wp-image-182\" src=\"http:\/\/rombacka.com\/wp-content\/uploads\/2014\/11\/Karta-Kop-1919-225x300.jpg\" alt=\"Karta Kop 1919\" width=\"479\" height=\"638\" srcset=\"https:\/\/rombacka.com\/wp-content\/uploads\/2014\/11\/Karta-Kop-1919-225x300.jpg 225w, https:\/\/rombacka.com\/wp-content\/uploads\/2014\/11\/Karta-Kop-1919-768x1024.jpg 768w, https:\/\/rombacka.com\/wp-content\/uploads\/2014\/11\/Karta-Kop-1919-624x832.jpg 624w\" sizes=\"auto, (max-width: 479px) 100vw, 479px\" \/><img loading=\"lazy\" decoding=\"async\" class=\"alignnone  wp-image-184\" src=\"http:\/\/rombacka.com\/wp-content\/uploads\/2014\/11\/Kop-Handling-sid-3-225x300.jpg\" alt=\"Kop Handling sid 3\" width=\"479\" height=\"638\" srcset=\"https:\/\/rombacka.com\/wp-content\/uploads\/2014\/11\/Kop-Handling-sid-3-225x300.jpg 225w, https:\/\/rombacka.com\/wp-content\/uploads\/2014\/11\/Kop-Handling-sid-3-768x1024.jpg 768w, https:\/\/rombacka.com\/wp-content\/uploads\/2014\/11\/Kop-Handling-sid-3-624x832.jpg 624w\" sizes=\"auto, (max-width: 479px) 100vw, 479px\" \/> K\u00f6pehandling. Ans\u00f6kning om avstyckning. Fastst\u00e4llande av avstyckning. Kvitto<\/p><\/div>\n<p><a href=\"http:\/\/rombacka.com\/wp-content\/uploads\/2014\/11\/Ans\u00f6kan-Avstyckning.bmp\"><img loading=\"lazy\" decoding=\"async\" class=\"alignnone  wp-image-187\" src=\"http:\/\/rombacka.com\/wp-content\/uploads\/2014\/11\/Ans\u00f6kan-Avstyckning.bmp\" alt=\"Ans\u00f6kan Avstyckning\" width=\"477\" height=\"792\" \/><br \/><\/a><\/p>\n<p>Ans\u00f6kan och tillstyrkan om att f\u00e5 avstyck Marknadsbacken med tillh\u00f6rande v\u00e4g.<\/p>\n<p><a href=\"http:\/\/rombacka.com\/wp-content\/uploads\/2014\/11\/EkonomiKarta.jpg\"><img loading=\"lazy\" decoding=\"async\" class=\"alignnone  wp-image-197\" src=\"http:\/\/rombacka.com\/wp-content\/uploads\/2014\/11\/EkonomiKarta-276x300.jpg\" alt=\"EkonomiKarta\" width=\"813\" height=\"884\" srcset=\"https:\/\/rombacka.com\/wp-content\/uploads\/2014\/11\/EkonomiKarta-276x300.jpg 276w, https:\/\/rombacka.com\/wp-content\/uploads\/2014\/11\/EkonomiKarta.jpg 517w\" sizes=\"auto, (max-width: 813px) 100vw, 813px\" \/>F<\/a>astighetskarta ej r\u00e4ttsligt fast\u00e4lld<\/p>\n\n\n<p><\/p>\n","protected":false},"excerpt":{"rendered":"<p>Historik kring\u00a0Rombacka 1:2 och 1:6Dubbelklicka p\u00e5 bilderna f\u00f6r att f\u00e5 en b\u00e4ttre uppl\u00f6sning \u00a0\u00a0Renskrift av laga skifte \u00a0 \u00a0 \u00a0 Ans\u00f6kan och tillstyrkan om att f\u00e5 avstyck Marknadsbacken med tillh\u00f6rande v\u00e4g. Fastighetskarta ej r\u00e4ttsligt fast\u00e4lld<\/p>\n","protected":false},"author":1,"featured_media":0,"parent":0,"menu_order":0,"comment_status":"open","ping_status":"open","template":"","meta":{"footnotes":""},"class_list":["post-175","page","type-page","status-publish","hentry"],"_links":{"self":[{"href":"https:\/\/rombacka.com\/index.php?rest_route=\/wp\/v2\/pages\/175","targetHints":{"allow":["GET"]}}],"collection":[{"href":"https:\/\/rombacka.com\/index.php?rest_route=\/wp\/v2\/pages"}],"about":[{"href":"https:\/\/rombacka.com\/index.php?rest_route=\/wp\/v2\/types\/page"}],"author":[{"embeddable":true,"href":"https:\/\/rombacka.com\/index.php?rest_route=\/wp\/v2\/users\/1"}],"replies":[{"embeddable":true,"href":"https:\/\/rombacka.com\/index.php?rest_route=%2Fwp%2Fv2%2Fcomments&post=175"}],"version-history":[{"count":12,"href":"https:\/\/rombacka.com\/index.php?rest_route=\/wp\/v2\/pages\/175\/revisions"}],"predecessor-version":[{"id":399,"href":"https:\/\/rombacka.com\/index.php?rest_route=\/wp\/v2\/pages\/175\/revisions\/399"}],"wp:attachment":[{"href":"https:\/\/rombacka.com\/index.php?rest_route=%2Fwp%2Fv2%2Fmedia&parent=175"}],"curies":[{"name":"wp","href":"https:\/\/api.w.org\/{rel}","templated":true}]}}